{"id":116,"date":"2016-10-11T11:07:41","date_gmt":"2016-10-11T09:07:41","guid":{"rendered":"http:\/\/p404599.webspaceconfig.de\/?page_id=116"},"modified":"2021-01-27T22:19:39","modified_gmt":"2021-01-27T21:19:39","slug":"kontakt","status":"publish","type":"page","link":"https:\/\/www.merkle-muenchen.de\/es\/kontakt\/","title":{"rendered":"Kontakt"},"content":{"rendered":"<p>[vc_row el_class=&#8221;banner&#8221;][vc_column css=&#8221;.vc_custom_1517231885100{padding-right: 0px !important;padding-left: 0px !important;}&#8221;][vc_single_image image=&#8221;1932&#8243; img_size=&#8221;full&#8221; alignment=&#8221;center&#8221; el_class=&#8221;subhead-banner&#8221;][\/vc_column][\/vc_row][vc_row][vc_column][vc_custom_heading source=&#8221;post_title&#8221; font_container=&#8221;tag:h1|text_align:left&#8221; use_theme_fonts=&#8221;yes&#8221;][vc_custom_heading text=&#8221;Wilhelm Merkle Schwei\u00dftechnik GmbH&#8221; font_container=&#8221;tag:h4|text_align:left&#8221; use_theme_fonts=&#8221;yes&#8221;][\/vc_column][\/vc_row][vc_row css=&#8221;.vc_custom_1529423663118{margin-top: 20px !important;}&#8221;][vc_column width=&#8221;1\/3&#8243;][vc_column_text css=&#8221;.vc_custom_1611782382616{margin-bottom: 30px !important;}&#8221;]<\/p>\n<h3>M\u00fcnchen<\/h3>\n<p>Anton-B\u00f6ck-Str. 31<br \/>\n81249 M\u00fcnchen<\/p>\n<table>\n<tbody>\n<tr>\n<td>Telefon:<\/td>\n<td>+49 89 89 77 17 &#8211; 0<\/td>\n<\/tr>\n<tr>\n<td>E-Mail:<\/td>\n<td><a href=\"mailto:info@merkle-muenchen.de\">info@merkle-muenchen.de<\/a><\/td>\n<\/tr>\n<\/tbody>\n<\/table>\n\n<p><strong>Abteilungen:<\/strong><\/p>\n<table>\n<tbody>\n<tr>\n<td width=\"40%\">Werkstatt<\/td>\n<td width=\"60%\">+49 89 89 77 17 &#8211; 18<\/td>\n<\/tr>\n<tr>\n<td>Verkauf<\/td>\n<td>+49 89 89 77 17 &#8211; 16<\/td>\n<\/tr>\n<tr>\n<td>Schwei\u00dftechnik<\/td>\n<td>+49 89 89 77 17 &#8211; 20<\/td>\n<\/tr>\n<tr>\n<td>Gase<\/td>\n<td>+49 89 89 77 17 &#8211; 17<\/td>\n<\/tr>\n<tr>\n<td>Gebrauchte Schwei\u00dfger\u00e4te<\/td>\n<td>+49 89 89 77 17 &#8211; 12<\/td>\n<\/tr>\n<tr>\n<td>Einkauf<\/td>\n<td>+49 89 89 77 17 &#8211; 19<\/td>\n<\/tr>\n<tr>\n<td>Buchhaltung<\/td>\n<td>+49 89 89 77 17 &#8211; 21<\/td>\n<\/tr>\n<tr>\n<td>Mahnwesen<\/td>\n<td>+49 89 89 77 17 &#8211; 22<\/td>\n<\/tr>\n<\/tbody>\n<\/table>\n<p>[\/vc_column_text][vc_column_text css=&#8221;.vc_custom_1529423484775{margin-bottom: 20px !important;}&#8221;]<\/p>\n<h3>Landshut<\/h3>\n<p>Meisenstra\u00dfe 11a<br \/>\n84030 Ergolding bei Landshut<\/p>\n<table>\n<tbody>\n<tr>\n<td>Telefon:<\/td>\n<td>+49 87 19 33 17 &#8211; 0<\/td>\n<\/tr>\n<tr>\n<td>E-Mail:<\/td>\n<td><a href=\"mailto:info@merkle-landshut.de\">info@merkle-landshut.de<\/a><\/td>\n<\/tr>\n<\/tbody>\n<\/table>\n<p>[\/vc_column_text][vc_column_text css=&#8221;.vc_custom_1529423493405{margin-bottom: 20px !important;}&#8221;]<\/p>\n<h3>Rosenheim<\/h3>\n<p>Weidestra\u00dfe 5A<br \/>\n83024 Rosenheim<\/p>\n<table>\n<tbody>\n<tr>\n<td>Telefon:<\/td>\n<td>+49 80 31 28 54 &#8211; 0<\/td>\n<\/tr>\n<tr>\n<td>E-Mail:<\/td>\n<td><a href=\"mailto:info@merkle-rosenheim.de\">info@merkle-rosenheim.de<\/a><\/td>\n<\/tr>\n<\/tbody>\n<\/table>\n<p>[\/vc_column_text][\/vc_column][vc_column width=&#8221;2\/3&#8243;]<!DOCTYPE html><html><head><meta charset='UTF-8' \/><\/head><body class='GF_AJAX_POSTBACK'><p class=\"gform_not_found\">Oops! We could not locate your form.<\/p><\/body><\/html>[\/vc_column][\/vc_row]<\/p>\n","protected":false},"excerpt":{"rendered":"<p>[vc_row el_class=&#8221;banner&#8221;][vc_column css=&#8221;.vc_custom_1517231885100{padding-right: 0px !important;padding-left: 0px !important;}&#8221;][vc_single_image image=&#8221;1932&#8243; img_size=&#8221;full&#8221; alignment=&#8221;center&#8221; el_class=&#8221;subhead-banner&#8221;][\/vc_column][\/vc_row][vc_row][vc_column][vc_custom_heading source=&#8221;post_title&#8221; font_container=&#8221;tag:h1|text_align:left&#8221; use_theme_fonts=&#8221;yes&#8221;][vc_custom_heading text=&#8221;Wilhelm Merkle Schwei\u00dftechnik GmbH&#8221; font_container=&#8221;tag:h4|text_align:left&#8221; use_theme_fonts=&#8221;yes&#8221;][\/vc_column][\/vc_row][vc_row css=&#8221;.vc_custom_1529423663118{margin-top: 20px !important;}&#8221;][vc_column width=&#8221;1\/3&#8243;][vc_column_text css=&#8221;.vc_custom_1611782382616{margin-bottom: 30px !important;}&#8221;] M\u00fcnchen Anton-B\u00f6ck-Str. 31 81249 M\u00fcnchen Telefon: +49 89 89 77 17 &#8211; 0 E-Mail: info@merkle-muenchen.de Abteilungen: Werkstatt +49 89 89 77 17 &#8211; 18 Verkauf +49 89 89 [&hellip;]<\/p>\n","protected":false},"author":1,"featured_media":0,"parent":0,"menu_order":6,"comment_status":"closed","ping_status":"closed","template":"","meta":[],"translation":{"provider":"WPGlobus","version":"3.0.1","language":"es","enabled_languages":["en","es","de","fr","ru"],"languages":{"en":{"title":true,"content":true,"excerpt":false},"es":{"title":false,"content":false,"excerpt":false},"de":{"title":false,"content":false,"excerpt":false},"fr":{"title":false,"content":false,"excerpt":false},"ru":{"title":false,"content":false,"excerpt":false}}},"acf":[],"yoast_head":"<!-- This site is optimized with the Yoast SEO plugin v21.1 - https:\/\/yoast.com\/wordpress\/plugins\/seo\/ -->\n<title>Kontakt Merkle M\u00fcnchen | Merkle Schwei\u00dftechnik GmbH<\/title>\n<meta name=\"robots\" content=\"index, follow, max-snippet:-1, max-image-preview:large, max-video-preview:-1\" \/>\n<link rel=\"canonical\" href=\"https:\/\/www.merkle-muenchen.de\/kontakt\/\" \/>\n<meta property=\"og:locale\" content=\"es_ES\" \/>\n<meta property=\"og:type\" content=\"article\" \/>\n<meta property=\"og:title\" content=\"Kontakt - Wilhelm Merkle Schwei\u00dftechnik GmbH: merkle-muenchen.de\" \/>\n<meta property=\"og:url\" content=\"https:\/\/www.merkle-muenchen.de\/kontakt\/\" \/>\n<meta property=\"og:site_name\" content=\"Wilhelm Merkle Schwei\u00dftechnik GmbH: merkle-muenchen.de\" \/>\n<meta property=\"article:modified_time\" content=\"2021-01-27T21:19:39+00:00\" \/>\n<meta name=\"twitter:card\" content=\"summary_large_image\" \/>\n<meta name=\"twitter:label1\" content=\"Est. reading time\" \/>\n\t<meta name=\"twitter:data1\" content=\"1 minute\" \/>\n<script type=\"application\/ld+json\" class=\"yoast-schema-graph\">{\"@context\":\"https:\/\/schema.org\",\"@graph\":[{\"@type\":\"WebPage\",\"@id\":\"https:\/\/www.merkle-muenchen.de\/kontakt\/\",\"url\":\"https:\/\/www.merkle-muenchen.de\/kontakt\/\",\"name\":\"Kontakt Merkle M\u00fcnchen | Merkle Schwei\u00dftechnik GmbH\",\"isPartOf\":{\"@id\":\"https:\/\/www.merkle-muenchen.de\/#website\"},\"datePublished\":\"2016-10-11T09:07:41+00:00\",\"dateModified\":\"2021-01-27T21:19:39+00:00\",\"description\":\"Merkle Schwei\u00dftechnik GmbH Kontakt Merkle M\u00fcnchen Anton-B\u00f6ck-Str. 31 81249 M\u00fcnchen Telefon: +49 89 89 77 17 - 0 E-Mail: info@merkle-muenchen.de\",\"breadcrumb\":{\"@id\":\"https:\/\/www.merkle-muenchen.de\/kontakt\/#breadcrumb\"},\"inLanguage\":\"es-ES\",\"potentialAction\":[{\"@type\":\"ReadAction\",\"target\":[\"https:\/\/www.merkle-muenchen.de\/kontakt\/\"]}]},{\"@type\":\"BreadcrumbList\",\"@id\":\"https:\/\/www.merkle-muenchen.de\/kontakt\/#breadcrumb\",\"itemListElement\":[{\"@type\":\"ListItem\",\"position\":1,\"name\":\"Startseite\",\"item\":\"https:\/\/www.merkle-muenchen.de\/\"},{\"@type\":\"ListItem\",\"position\":2,\"name\":\"Kontakt\"}]},{\"@type\":\"WebSite\",\"@id\":\"https:\/\/www.merkle-muenchen.de\/#website\",\"url\":\"https:\/\/www.merkle-muenchen.de\/\",\"name\":\"Wilhelm Merkle Schwei\u00dftechnik GmbH: merkle-muenchen.de\",\"description\":\"\",\"potentialAction\":[{\"@type\":\"SearchAction\",\"target\":{\"@type\":\"EntryPoint\",\"urlTemplate\":\"https:\/\/www.merkle-muenchen.de\/?s={search_term_string}\"},\"query-input\":\"required name=search_term_string\"}],\"inLanguage\":\"es-ES\"}]}<\/script>\n<!-- \/ Yoast SEO plugin. -->","yoast_head_json":{"title":"Kontakt Merkle M\u00fcnchen | Merkle Schwei\u00dftechnik GmbH","robots":{"index":"index","follow":"follow","max-snippet":"max-snippet:-1","max-image-preview":"max-image-preview:large","max-video-preview":"max-video-preview:-1"},"canonical":"https:\/\/www.merkle-muenchen.de\/kontakt\/","og_locale":"es_ES","og_type":"article","og_title":"Kontakt - Wilhelm Merkle Schwei\u00dftechnik GmbH: merkle-muenchen.de","og_url":"https:\/\/www.merkle-muenchen.de\/kontakt\/","og_site_name":"Wilhelm Merkle Schwei\u00dftechnik GmbH: merkle-muenchen.de","article_modified_time":"2021-01-27T21:19:39+00:00","twitter_card":"summary_large_image","twitter_misc":{"Est. reading time":"1 minute"},"schema":{"@context":"https:\/\/schema.org","@graph":[{"@type":"WebPage","@id":"https:\/\/www.merkle-muenchen.de\/kontakt\/","url":"https:\/\/www.merkle-muenchen.de\/kontakt\/","name":"Kontakt Merkle M\u00fcnchen | Merkle Schwei\u00dftechnik GmbH","isPartOf":{"@id":"https:\/\/www.merkle-muenchen.de\/#website"},"datePublished":"2016-10-11T09:07:41+00:00","dateModified":"2021-01-27T21:19:39+00:00","description":"Merkle Schwei\u00dftechnik GmbH Kontakt Merkle M\u00fcnchen Anton-B\u00f6ck-Str. 31 81249 M\u00fcnchen Telefon: +49 89 89 77 17 - 0 E-Mail: info@merkle-muenchen.de","breadcrumb":{"@id":"https:\/\/www.merkle-muenchen.de\/kontakt\/#breadcrumb"},"inLanguage":"es-ES","potentialAction":[{"@type":"ReadAction","target":["https:\/\/www.merkle-muenchen.de\/kontakt\/"]}]},{"@type":"BreadcrumbList","@id":"https:\/\/www.merkle-muenchen.de\/kontakt\/#breadcrumb","itemListElement":[{"@type":"ListItem","position":1,"name":"Startseite","item":"https:\/\/www.merkle-muenchen.de\/"},{"@type":"ListItem","position":2,"name":"Kontakt"}]},{"@type":"WebSite","@id":"https:\/\/www.merkle-muenchen.de\/#website","url":"https:\/\/www.merkle-muenchen.de\/","name":"Wilhelm Merkle Schwei\u00dftechnik GmbH: merkle-muenchen.de","description":"","potentialAction":[{"@type":"SearchAction","target":{"@type":"EntryPoint","urlTemplate":"https:\/\/www.merkle-muenchen.de\/?s={search_term_string}"},"query-input":"required name=search_term_string"}],"inLanguage":"es-ES"}]}},"_links":{"self":[{"href":"https:\/\/www.merkle-muenchen.de\/es\/wp-json\/wp\/v2\/pages\/116"}],"collection":[{"href":"https:\/\/www.merkle-muenchen.de\/es\/wp-json\/wp\/v2\/pages"}],"about":[{"href":"https:\/\/www.merkle-muenchen.de\/es\/wp-json\/wp\/v2\/types\/page"}],"author":[{"embeddable":true,"href":"https:\/\/www.merkle-muenchen.de\/es\/wp-json\/wp\/v2\/users\/1"}],"replies":[{"embeddable":true,"href":"https:\/\/www.merkle-muenchen.de\/es\/wp-json\/wp\/v2\/comments?post=116"}],"version-history":[{"count":5,"href":"https:\/\/www.merkle-muenchen.de\/es\/wp-json\/wp\/v2\/pages\/116\/revisions"}],"predecessor-version":[{"id":3120,"href":"https:\/\/www.merkle-muenchen.de\/es\/wp-json\/wp\/v2\/pages\/116\/revisions\/3120"}],"wp:attachment":[{"href":"https:\/\/www.merkle-muenchen.de\/es\/wp-json\/wp\/v2\/media?parent=116"}],"curies":[{"name":"wp","href":"https:\/\/api.w.org\/{rel}","templated":true}]}}

<p>[vc_row el_class=&#8221;banner&#8221;][vc_column css=&#8221;.vc_custom_1517231885100{padding-right: 0px !important;padding-left: 0px !important;}&#8221;][vc_single_image image=&#8221;1932&#8243; img_size=&#8221;full&#8221; alignment=&#8221;center&#8221; el_class=&#8221;subhead-banner&#8221;][/vc_column][/vc_row][vc_row][vc_column][vc_custom_heading source=&#8221;post_title&#8221; font_container=&#8221;tag:h1|text_align:left&#8221; use_theme_fonts=&#8221;yes&#8221;][vc_custom_heading text=&#8221;Wilhelm Merkle Schweißtechnik GmbH&#8221; font_container=&#8221;tag:h4|text_align:left&#8221; use_theme_fonts=&#8221;yes&#8221;][/vc_column][/vc_row][vc_row css=&#8221;.vc_custom_1529423663118{margin-top: 20px !important;}&#8221;][vc_column width=&#8221;1/3&#8243;][vc_column_text css=&#8221;.vc_custom_1611782382616{margin-bottom: 30px !important;}&#8221;]</p>
<h3>München</h3>
<p>Anton-Böck-Str. 31<br />
81249 München</p>
<table>
<tbody>
<tr>
<td>Telefon:</td>
<td>+49 89 89 77 17 &#8211; 0</td>
</tr>
<tr>
<td>E-Mail:</td>
<td><a href="mailto:info@merkle-muenchen.de">info@merkle-muenchen.de</a></td>
</tr>
</tbody>
</table>

<p><strong>Abteilungen:</strong></p>
<table>
<tbody>
<tr>
<td width="40%">Werkstatt</td>
<td width="60%">+49 89 89 77 17 &#8211; 18</td>
</tr>
<tr>
<td>Verkauf</td>
<td>+49 89 89 77 17 &#8211; 16</td>
</tr>
<tr>
<td>Schweißtechnik</td>
<td>+49 89 89 77 17 &#8211; 20</td>
</tr>
<tr>
<td>Gase</td>
<td>+49 89 89 77 17 &#8211; 17</td>
</tr>
<tr>
<td>Gebrauchte Schweißgeräte</td>
<td>+49 89 89 77 17 &#8211; 12</td>
</tr>
<tr>
<td>Einkauf</td>
<td>+49 89 89 77 17 &#8211; 19</td>
</tr>
<tr>
<td>Buchhaltung</td>
<td>+49 89 89 77 17 &#8211; 21</td>
</tr>
<tr>
<td>Mahnwesen</td>
<td>+49 89 89 77 17 &#8211; 22</td>
</tr>
</tbody>
</table>
<p>[/vc_column_text][vc_column_text css=&#8221;.vc_custom_1529423484775{margin-bottom: 20px !important;}&#8221;]</p>
<h3>Landshut</h3>
<p>Meisenstraße 11a<br />
84030 Ergolding bei Landshut</p>
<table>
<tbody>
<tr>
<td>Telefon:</td>
<td>+49 87 19 33 17 &#8211; 0</td>
</tr>
<tr>
<td>E-Mail:</td>
<td><a href="mailto:info@merkle-landshut.de">info@merkle-landshut.de</a></td>
</tr>
</tbody>
</table>
<p>[/vc_column_text][vc_column_text css=&#8221;.vc_custom_1529423493405{margin-bottom: 20px !important;}&#8221;]</p>
<h3>Rosenheim</h3>
<p>Weidestraße 5A<br />
83024 Rosenheim</p>
<table>
<tbody>
<tr>
<td>Telefon:</td>
<td>+49 80 31 28 54 &#8211; 0</td>
</tr>
<tr>
<td>E-Mail:</td>
<td><a href="mailto:info@merkle-rosenheim.de">info@merkle-rosenheim.de</a></td>
</tr>
</tbody>
</table>
<p>[/vc_column_text][/vc_column][vc_column width=&#8221;2/3&#8243;]<!DOCTYPE html><html><head><meta charset='UTF-8' /></head><body class='GF_AJAX_POSTBACK'><p class="gform_not_found">Oops! We could not locate your form.</p></body></html>[/vc_column][/vc_row]</p>

<p>[vc_row el_class=&#8221;banner&#8221;][vc_column css=&#8221;.vc_custom_1517231885100{padding-right: 0px !important;padding-left: 0px !important;}&#8221;][vc_single_image image=&#8221;1932&#8243; img_size=&#8221;full&#8221; alignment=&#8221;center&#8221; el_class=&#8221;subhead-banner&#8221;][/vc_column][/vc_row][vc_row][vc_column][vc_custom_heading source=&#8221;post_title&#8221; font_container=&#8221;tag:h1|text_align:left&#8221; use_theme_fonts=&#8221;yes&#8221;][vc_custom_heading text=&#8221;Wilhelm Merkle Schweißtechnik GmbH&#8221; font_container=&#8221;tag:h4|text_align:left&#8221; use_theme_fonts=&#8221;yes&#8221;][/vc_column][/vc_row][vc_row css=&#8221;.vc_custom_1529423663118{margin-top: 20px !important;}&#8221;][vc_column width=&#8221;1/3&#8243;][vc_column_text css=&#8221;.vc_custom_1611782382616{margin-bottom: 30px !important;}&#8221;] München Anton-Böck-Str. 31 81249 München Telefon: +49 89 89 77 17 &#8211; 0 E-Mail: info@merkle-muenchen.de Abteilungen: Werkstatt +49 89 89 77 17 &#8211; 18 Verkauf +49 89 89 [&hellip;]</p>

<!-- This site is optimized with the Yoast SEO plugin v21.1 - https://yoast.com/wordpress/plugins/seo/ -->
<title>Kontakt Merkle München | Merkle Schweißtechnik GmbH</title>
<meta name="robots" content="index, follow, max-snippet:-1, max-image-preview:large, max-video-preview:-1" />
<link rel="canonical" href="https://www.merkle-muenchen.de/kontakt/" />
<meta property="og:locale" content="es_ES" />
<meta property="og:type" content="article" />
<meta property="og:title" content="Kontakt - Wilhelm Merkle Schweißtechnik GmbH: merkle-muenchen.de" />
<meta property="og:url" content="https://www.merkle-muenchen.de/kontakt/" />
<meta property="og:site_name" content="Wilhelm Merkle Schweißtechnik GmbH: merkle-muenchen.de" />
<meta property="article:modified_time" content="2021-01-27T21:19:39+00:00" />
<meta name="twitter:card" content="summary_large_image" />
<meta name="twitter:label1" content="Est. reading time" />
	<meta name="twitter:data1" content="1 minute" />
<script type="application/ld+json" class="yoast-schema-graph">{"@context":"https://schema.org","@graph":[{"@type":"WebPage","@id":"https://www.merkle-muenchen.de/kontakt/","url":"https://www.merkle-muenchen.de/kontakt/","name":"Kontakt Merkle München | Merkle Schweißtechnik GmbH","isPartOf":{"@id":"https://www.merkle-muenchen.de/#website"},"datePublished":"2016-10-11T09:07:41+00:00","dateModified":"2021-01-27T21:19:39+00:00","description":"Merkle Schweißtechnik GmbH Kontakt Merkle München Anton-Böck-Str. 31 81249 München Telefon: +49 89 89 77 17 - 0 E-Mail: info@merkle-muenchen.de","breadcrumb":{"@id":"https://www.merkle-muenchen.de/kontakt/#breadcrumb"},"inLanguage":"es-ES","potentialAction":[{"@type":"ReadAction","target":["https://www.merkle-muenchen.de/kontakt/"]}]},{"@type":"BreadcrumbList","@id":"https://www.merkle-muenchen.de/kontakt/#breadcrumb","itemListElement":[{"@type":"ListItem","position":1,"name":"Startseite","item":"https://www.merkle-muenchen.de/"},{"@type":"ListItem","position":2,"name":"Kontakt"}]},{"@type":"WebSite","@id":"https://www.merkle-muenchen.de/#website","url":"https://www.merkle-muenchen.de/","name":"Wilhelm Merkle Schweißtechnik GmbH: merkle-muenchen.de","description":"","potentialAction":[{"@type":"SearchAction","target":{"@type":"EntryPoint","urlTemplate":"https://www.merkle-muenchen.de/?s={search_term_string}"},"query-input":"required name=search_term_string"}],"inLanguage":"es-ES"}]}</script>
<!-- / Yoast SEO plugin. -->

Kontakt Merkle München | Merkle Schweißtechnik GmbH

Kontakt - Wilhelm Merkle Schweißtechnik GmbH: merkle-muenchen.de

Wilhelm Merkle Schweißtechnik GmbH: merkle-muenchen.de

Merkle Schweißtechnik GmbH Kontakt Merkle München Anton-Böck-Str. 31 81249 München Telefon: +49 89 89 77 17 - 0 E-Mail: info@merkle-muenchen.de
